ulate the remainder when 107241 is divided by 26788.
89
Calculate the remainder when 913169453 is divided by 121.
119
Calculate the remainder when 1228416 is divided by 350.
266
Calculate the remainder when 718315 is divided by 623.
619
What is the remainder when 135150 is divided by 301?
1
What is the remainder when 65598 is divided by 16103?
1186
Calculate the remainder when 1348708 is divided by 269714.
138
What is the remainder when 4011390 is divided by 1123?
34
What is the remainder when 146361 is divided by 291?
279
Calculate the remainder when 34644 is divided by 6306.
3114
Calculate the remainder when 120076 is divided by 24013.
11
What is the remainder when 1028623 is divided by 9889?
167
Calculate the remainder when 23094259 is divided by 563.
562
Calculate the remainder when 51274571 is divided by 12818639.
15
Calculate the remainder when 24584565 is divided by 95.
85
Calculate the remainder when 7968000 is divided by 551.
540
What is the remainder when 168141 is divided by 1051?
1032
Calculate the remainder when 126552169 is divided by 3163804.
9
Calculate the remainder when 536498 is divided by 281.
69
Calculate the remainder when 13166 is divided by 160.
46
What is the remainder when 23611626 is divided by 15?
6
What is the remainder when 5047580 is divided by 21?
20
What is the remainder when 85598 is divided by 80?
78
What is the remainder when 75613 is divided by 24547?
1972
Calculate the remainder when 303996 is divided by 2303.
0
Calculate the remainder when 1198399 is divided by 70494.
1
What is the remainder when 2545751 is divided by 6825?
26
What is the remainder when 12386710 is divided by 952823?
11
Calculate the remainder when 143040 is divided by 1343.
682
Calculate the remainder when 185877 is divided by 185577.
300
Calculate the remainder when 414002 is divided by 12531.
479
Calculate the remainder when 68143869 is divided by 13.
1
What is the remainder when 11831246 is divided by 125?
121
Calculate the remainder when 1558285 is divided by 276.
265
Calculate the remainder when 18071710 is divided by 6.
4
Calculate the remainder when 4857 is divided by 4670.
187
Calculate the remainder when 1982365 is divided by 165.
55
What is the remainder when 87363 is divided by 37?
6
Calculate the remainder when 27848 is divided by 8912.
1112
Calculate the remainder when 50045 is divided by 7109.
282
What is the remainder when 37060505 is divided by 1195500?
5
Calculate the remainder when 4391115 is divided by 82.
15
What is the remainder when 233416 is divided by 116563?
290
Calculate the remainder when 901738 is divided by 313.
298
Calculate the remainder when 352880 is divided by 352753.
127
What is the remainder when 704578 is divided by 6131?
5644
What is the remainder when 164759 is divided by 164675?
84
What is the remainder when 30517523 is divided by 10172505?
8
What is the remainder when 548432 is divided by 42?
38
Calculate the remainder when 21434524 is divided by 490.
454
What is the remainder when 4449824 is divided by 2463?
1646
Calculate the remainder when 11165746 is divided by 5886.
4
What is the remainder when 6247860 is divided by 1561964?
4
Calculate the remainder when 4432120 is divided by 1210.
1100
What is the remainder when 1010316 is divided by 504872?
572
Calculate the remainder when 113184 is divided by 112828.
356
What is the remainder when 69276 is divided by 6877?
506
What is the remainder when 812285 is divided by 10282?
7
Calculate the remainder when 170893 is divided by 562.
45
What is the remainder when 1341252 is divided by 670617?
18
What is the remainder when 201053 is divided by 8361?
389
Calculate the remainder when 195931 is divided by 2578.
3
Calculate the remainder when 9964 is divided by 9929.
35
Calculate the remainder when 959208 is divided by 813.
681
Calculate the remainder when 464390 is divided by 154534.
788
Calculate the remainder when 601892 is divided by 42982.
144
Calculate the remainder when 703191 is divided by 195.
21
Calculate the remainder when 68475777 is divided by 86.
83
Calculate the remainder when 893250 is divided by 136.
2
What is the remainder when 8311 is divided by 808?
231
What is the remainder when 110208 is divided by 27151?
1604
Calculate the remainder when 3208110 is divided by 1502.
1340
Calculate the remainder when 14482688 is divided by 1072.
1040
Calculate the remainder when 128689 is divided by 9894.
67
What is the remainder when 1845365 is divided by 1699?
251
What is the remainder when 620623 is divided by 206603?
814
Calculate the remainder when 449392 is divided by 224.
48
Calculate the remainder when 15706653 is divided by 784.
781
What is the remainder when 1237182 is divided by 298?
184
Calculate the remainder when 2413977 is divided by 344826.
195
What is the remainder when 3513 is divided by 2916?
597
What is the remainder when 1448840 is divided by 9?
2
Calculate the remainder when 169834 is divided by 16925.
584
Calculate the remainder when 18063721 is divided by 821078.
5
Calculate the remainder when 5545962 is divided by 717.
684
Calculate the remainder when 7432 is divided by 285.
22
Calculate the remainder when 656797633 is divided by 211.
209
What is the remainder when 83264 is divided by 27556?
596
Calculate the remainder when 1446403343 is divided by 12.
11
What is the remainder when 53637 is divided by 53631?
6
What is the remainder when 6464363 is divided by 31?
26
What is the remainder when 704716 is divided by 13?
12
What is the remainder when 3051105 is divided by 6633?
6558
What is the remainder when 548390 is divided by 677?
20
What is the remainder when 70521 is divided by 23354?
459
What is the remainder when 4716968 is divided by 746?
10
What is the remainder when 377172 is divided by 125714?
30
What is the remainder when 217424 is divided by 6033?
236
Calculate the remainder when 31799291 is divided by 13070.
13051
What is the remainder when 2284809 is divided by 761601?
6
Calculate the remainder when 1727419 is divided by 10932.
163
Calculate the remainder when 242633 is divided by 4042.
113
Calculate the remainder when 258912 is divided by 258903.
9
Calculate the remainder when 518259 is divided by 172742.
33
What is the remainder when 155297 is divided by 155101?
196
What is the remainder when 1541611 is divided by 455?
71
Calculate the remainder when 1040375 is divided by 341.
325
Calculate the remainder when 13487380 is divided by 2992.
2436
Calculate the remainder when 281212952 is divided by 2049.
2045
Calculate the remainder when 5596000 is divided by 1398995.
20
Calculate the remainder when 9707 is divided by 2996.
719
What is the remainder when 3707895 is divided by 3707878?
17
Calculate the remainder when 28222542 is divided by 7055633.
10
What is the remainder when 29009859 is divided by 8158?
11
What is the remainder when 102919136 is divided by 34306374?
14
What is the remainder when 283722 is divided by 21815?
127
Calculate the remainder when 582101 is divided by 87.
71
Calculate the remainder when 316398 is divided by 52180.
3318
What is the remainder when 106223 is divided by 100713?
5510
Calculate the remainder when 249909 is divided by 1578.
585
Calculate the remainder when 45504 is divided by 3229.
298
Calculate the remainder when 186113 is divided by 509.
328
What is the remainder when 1420252 is divided by 178?
168
What is the remainder when 166758 is divided by 344?
262
What is the remainder when 683754 is divided by 538?
494
Calculate the remainder when 40290000 is divided by 1343.
0
What is the remainder when 24344 is divided by 24193?
151
Calculate the remainder when 10328520 is divided by 6822.
12
Calculate the remainder when 2209691 is divided by 880.
11
Calculate the remainder when 541395 is divided by 270673.
49
Calculate the remainder when 233397 is divided by 29169.
45
What is the remainder when 23358531 is divided by 13644?
3
Calculate the remainder when 2251309 is divided by 750434.
7
What is the remainder when 9211013 is divided by 136?
5
What is the remainder when 15319 is divided by 1259?
211
Calculate the remainder when 131794 is divided by 8691.
1429
Calculate the remainder when 191140 is divided by 300.
40
What is the remainder when 28341349 is divided by 24182?
45
What is th